{"id":30,"date":"2014-10-06T22:14:04","date_gmt":"2014-10-06T19:14:04","guid":{"rendered":"https:\/\/usuteadus.ee\/?page_id=30"},"modified":"2024-02-26T19:29:28","modified_gmt":"2024-02-26T17:29:28","slug":"viidad","status":"publish","type":"page","link":"https:\/\/usuteadus.ee\/?page_id=30&lang=et","title":{"rendered":"Viited"},"content":{"rendered":"<p><strong>Akadeemilised s\u00f5sarorganisatsioonid<\/strong><\/p>\n<ul>\n<li><a href=\"http:\/\/www.eao.ee\/\">Eesti Akadeemiline Orientaalselts<\/a><\/li>\n<li><a href=\"http:\/\/www.eaus.ee\/\">Eesti Akadeemiline Usundiloo Selts<\/a><\/li>\n<li><a title=\"Eesti Kirikuloo Selts\" href=\"http:\/\/www.kirikulugu.ee\/\" rel=\"home\">Eesti Kirikuloo Selts<\/a><\/li>\n<\/ul>\n<p><strong>Teoloogiak\u00f5rgkoolid Eestis<\/strong><\/p>\n<ul>\n<li><a href=\"http:\/\/www.us.ut.ee\/et\">Tartu \u00dclikooli Usuteaduskond<\/a><\/li>\n<li><a href=\"http:\/\/ui.eelk.ee\/index.php\/et\/\">Eesti Evangeelse Luterliku Kiriku Usuteaduse Instituut<\/a><\/li>\n<li><a href=\"http:\/\/www.kus.tartu.ee\/index.php\/et\/\">Eesti EKB Koguduste Liidu K\u00f5rgem Usuteaduslik Seminar<\/a><\/li>\n<li><a href=\"http:\/\/www.emkts.ee\/index.php\/et\/\">Eesti Metodisti Kiriku Teoloogiline Seminar<\/a><\/li>\n<\/ul>\n","protected":false},"excerpt":{"rendered":"<p>Akadeemilised s\u00f5sarorganisatsioonid Eesti Akadeemiline Orientaalselts Eesti Akadeemiline Usundiloo Selts Eesti Kirikuloo Selts Teoloogiak\u00f5rgkoolid Eestis Tartu \u00dclikooli Usuteaduskond Eesti Evangeelse Luterliku Kiriku Usuteaduse Instituut Eesti EKB Koguduste Liidu K\u00f5rgem Usuteaduslik Seminar Eesti Metodisti Kiriku Teoloogiline Seminar<\/p>\n","protected":false},"author":1,"featured_media":0,"parent":0,"menu_order":0,"comment_status":"closed","ping_status":"open","template":"","meta":{"footnotes":""},"class_list":["post-30","page","type-page","status-publish","hentry"],"_links":{"self":[{"href":"https:\/\/usuteadus.ee\/index.php?rest_route=\/wp\/v2\/pages\/30","targetHints":{"allow":["GET"]}}],"collection":[{"href":"https:\/\/usuteadus.ee\/index.php?rest_route=\/wp\/v2\/pages"}],"about":[{"href":"https:\/\/usuteadus.ee\/index.php?rest_route=\/wp\/v2\/types\/page"}],"author":[{"embeddable":true,"href":"https:\/\/usuteadus.ee\/index.php?rest_route=\/wp\/v2\/users\/1"}],"replies":[{"embeddable":true,"href":"https:\/\/usuteadus.ee\/index.php?rest_route=%2Fwp%2Fv2%2Fcomments&post=30"}],"version-history":[{"count":21,"href":"https:\/\/usuteadus.ee\/index.php?rest_route=\/wp\/v2\/pages\/30\/revisions"}],"predecessor-version":[{"id":1289,"href":"https:\/\/usuteadus.ee\/index.php?rest_route=\/wp\/v2\/pages\/30\/revisions\/1289"}],"wp:attachment":[{"href":"https:\/\/usuteadus.ee\/index.php?rest_route=%2Fwp%2Fv2%2Fmedia&parent=30"}],"curies":[{"name":"wp","href":"https:\/\/api.w.org\/{rel}","templated":true}]}}